mmon divisor of 400 and 12336.
16
Calculate the highest common factor of 1423 and 7.
1
What is the highest common divisor of 4573 and 5918?
269
Calculate the greatest common divisor of 5 and 38580.
5
Calculate the highest common factor of 49 and 888419.
49
Calculate the highest common factor of 837 and 694152.
279
Calculate the greatest common factor of 1422 and 38.
2
Calculate the greatest common factor of 1632 and 35632.
272
Calculate the highest common divisor of 222783 and 1413.
471
Calculate the highest common divisor of 3670 and 120.
10
What is the highest common factor of 153 and 5283?
9
Calculate the greatest common factor of 2310448 and 16.
16
What is the greatest common divisor of 6694 and 14?
2
What is the greatest common divisor of 580 and 1260?
20
Calculate the highest common factor of 1937 and 2301.
13
Calculate the greatest common factor of 346676 and 44.
44
What is the greatest common divisor of 95 and 232465?
95
What is the highest common factor of 567 and 167391?
63
Calculate the greatest common factor of 891 and 97929.
81
Calculate the greatest common divisor of 2028 and 29724.
12
Calculate the greatest common factor of 14788 and 4.
4
What is the highest common divisor of 294 and 11575074?
294
What is the highest common divisor of 630 and 213990?
210
What is the highest common divisor of 1 and 163504?
1
Calculate the greatest common divisor of 92 and 103132.
92
Calculate the highest common divisor of 4930 and 18850.
290
What is the greatest common divisor of 88151 and 1029?
343
Calculate the highest common factor of 8436 and 42408.
228
Calculate the highest common factor of 5644 and 99268.
332
What is the greatest common factor of 825530 and 2170?
310
Calculate the highest common factor of 37538 and 3699.
137
Calculate the greatest common divisor of 3635561 and 267.
89
Calculate the greatest common divisor of 658 and 139966.
94
What is the greatest common divisor of 9408308 and 13?
13
What is the highest common factor of 3637 and 12?
1
What is the highest common factor of 18632 and 1224?
136
What is the highest common divisor of 240 and 1032?
24
Calculate the greatest common divisor of 54 and 63153.
27
What is the highest common divisor of 14 and 33873?
7
What is the greatest common factor of 2183976 and 162?
54
Calculate the highest common divisor of 64702 and 1870.
374
What is the highest common factor of 440830 and 910?
130
What is the greatest common factor of 14430 and 3630?
30
Calculate the highest common factor of 6 and 2240412.
6
Calculate the highest common divisor of 316228 and 110.
22
What is the greatest common divisor of 32898 and 6?
6
What is the greatest common divisor of 1872 and 2448?
144
What is the greatest common divisor of 24480 and 8330?
170
Calculate the highest common divisor of 264 and 383262.
66
Calculate the greatest common factor of 24570 and 140.
70
Calculate the greatest common divisor of 550 and 635525.
275
What is the highest common factor of 62822 and 7171?
101
What is the greatest common divisor of 205 and 305860?
205
Calculate the greatest common factor of 2710805 and 370.
185
Calculate the greatest common divisor of 10428 and 8.
4
Calculate the greatest common divisor of 2035 and 15910.
185
What is the highest common factor of 7003 and 2682?
149
Calculate the greatest common divisor of 20 and 69620.
20
What is the greatest common divisor of 13734 and 462?
42
What is the highest common divisor of 8384 and 320?
64
Calculate the greatest common factor of 15235 and 110.
55
Calculate the highest common factor of 3420 and 5895.
45
Calculate the greatest common factor of 918 and 18.
18
What is the greatest common factor of 1265 and 51359?
253
What is the highest common factor of 512 and 13864?
8
What is the greatest common divisor of 9720 and 228?
12
What is the greatest common divisor of 2360650 and 465?
155
What is the greatest common divisor of 15 and 187197?
3
What is the highest common divisor of 410709 and 39?
39
Calculate the greatest common factor of 99183 and 1449.
21
What is the highest common divisor of 1428 and 1156?
68
Calculate the highest common factor of 5575 and 5965.
5
What is the highest common divisor of 8 and 233700?
4
What is the highest common factor of 3392 and 290228?
212
What is the greatest common divisor of 552 and 32982?
138
What is the highest common factor of 392 and 77826?
14
What is the highest common factor of 24308 and 515?
103
What is the greatest common divisor of 13689 and 159198?
507
What is the highest common divisor of 2198 and 196?
14
What is the highest common divisor of 202987 and 2?
1
What is the highest common factor of 18 and 2169?
9
Calculate the highest common factor of 26460 and 30.
30
Calculate the highest common divisor of 6166640 and 1520.
1520
Calculate the greatest common divisor of 3080 and 6720.
280
What is the highest common factor of 231 and 201795?
33
Calculate the greatest common divisor of 3411 and 370283.
379
Calculate the greatest common factor of 19 and 5263.
19
Calculate the highest common factor of 108 and 548208.
108
What is the greatest common divisor of 75192 and 2496?
312
What is the greatest common factor of 85 and 3276291?
17
Calculate the highest common divisor of 1143600 and 16.
16
What is the greatest common factor of 217 and 5810?
7
What is the greatest common factor of 44 and 4577848?
44
What is the highest common factor of 2199 and 9?
3
What is the highest common divisor of 99134 and 146?
146
What is the greatest common factor of 32408 and 40?
8
Calculate the greatest common factor of 57598 and 1054.
62
What is the greatest common factor of 1278 and 963?
9
What is the highest common factor of 728 and 8344?
56
Calculate the greatest common divisor of 974288 and 560.
112
What is the highest common factor of 800 and 6150?
50
Calculate the greatest common divisor of 1859 and 169.
169
What is the highest common factor of 9 and 23178159?
9
What is the highest common divisor of 405 and 19995?
15
What is the highest common divisor of 12768 and 228?
228
What is the greatest common divisor of 7 and 1193?
1
What is the greatest common divisor of 8134 and 226009?
581
What is the greatest common factor of 310268 and 833?
49
What is the greatest common factor of 1523589 and 142?
71
Calculate the highest common divisor of 146781 and 13113.
423
What is the greatest common divisor of 38 and 491663?
19
What is the highest common divisor of 122 and 208?
2
What is the greatest common factor of 248 and 403?
31
Calculate the greatest common divisor of 224 and 522228.
28
What is the highest common divisor of 190400 and 26320?
560
What is the greatest common divisor of 16 and 1141936?
16
What is the highest common divisor of 234423 and 189?
63
What is the greatest common factor of 215357 and 31?
31
Calculate the highest common factor of 96 and 320604.
12
Calculate the greatest common factor of 38121 and 107682.
393
What is the greatest common divisor of 651 and 5817?
21
What is the greatest common divisor of 15932 and 11158?
14
What is the highest common divisor of 80768 and 1072?
16
Calculate the greatest common divisor of 42020 and 140.
20
What is the highest common factor of 1122 and 858?
66
Calculate the highest common divisor of 5232 and 636996.
1308
What is the highest common divisor of 153 and 37689?
51
What is the highest common divisor of 2035777 and 37?
37
What is the highest common factor of 120612 and 171?
57
What is the highest common factor of 18370 and 32560?
110
Calculate the highest common factor of 288277 and 219.
73
Calculate the greatest common factor of 6 and 6381.
3
What is the highest common divisor of 8128 and 832?
64
What is the highest common divisor of 1653 and 416442?
57
What is the greatest common divisor of 90 and 102735?
45
What is the highest common divisor of 5094 and 3862950?
1698
What is the greatest common divisor of 301 and 92561?
7
What is the greatest common factor of 2798 and 4928677?
1399
Calculate the greatest common factor of 55937 and 244.
61
Calculate the greatest common divisor of 671 and 5984.
11
Calculate the highest common divisor of 3611 and 417777.
157
What is the highest common factor of 95178 and 6?
6
What is the greatest common divisor of 9153 and 63?
9
What is the highest common fact